 = t**3 - 10*t**2 + 3*t + 4. Let n be r(p). What is the highest common factor of n and 68?
34
Let o(k) = -141*k**3 + k**2 - 1. Let m be o(-1). Let h = m - 93. What is the highest common factor of 32 and h?
16
Suppose 2*y + 7 + 5 = 2*h, -2*h - 3*y + 22 = 0. Suppose -38 + 42 = j. Calculate the highest common factor of h and j.
4
Let g = 58 + -34. Suppose -3*a - 2 + 14 = 0, -t = 3*a - 9. Let k be (-474)/(-8) - (45/(-12) - t). What is the greatest common factor of k and g?
12
Suppose 1404 = 36*u - 27*u. Calculate the highest common divisor of 12 and u.
12
Let s = -23 - -33. Let j(k) = k**3 - 11*k**2 + 14*k - 20. Let u be j(s). Calculate the greatest common factor of u and 100.
20
Let b(d) be the third derivative of -d**4/8 - 3*d**3/2 + d**2 + 7. Let a be -10 - (-1)/((-2)/2). Let m be b(a). What is the highest common divisor of m and 48?
24
Let a be (-10452)/(-104) + (-3)/(-2). Calculate the highest common divisor of 459 and a.
51
Suppose -5*p = 4*c - 118, 45*c = 2*p + 42*c - 38. Let d be (-2 + -1)/(3/(-110)). What is the greatest common divisor of d and p?
22
Suppose -h - 2*h = -3*z + 24, 0 = h + 3. Let i = -8 - -11. Suppose -2*m = -z*d + 70, -6 + 69 = i*d + 3*m. Calculate the highest common divisor of 64 and d.
16
Suppose 2*q - 9 - 35 = 0. Let p(y) = y**2 + 9*y + 21. Let j be p(-6). Suppose 0 = j*m + 41 - 74. Calculate the highest common factor of q and m.
11
Suppose -2*t + 3*g = 2, -21 + 1 = -5*g. Suppose 14 = t*z - 11, -4*f + 4*z + 220 = 0. What is the greatest common divisor of f and 40?
20
Suppose 0 = -0*f - 4*f - 16, 4*b + 3*f = 28. What is the greatest common divisor of b and 320?
10
Let a = -328 + 440. Let o(b) = b**3 + b + 16. Let k be o(0). What is the highest common divisor of k and a?
16
Let v(t) = 238*t + 3579. Let o be v(-15). Let w(s) = -6*s + 1. Let c be w(-1). Let k be -4*1/(-2) + c. Calculate the greatest common divisor of o and k.
9
Suppose 6930 = -1054*j + 1065*j. Calculate the greatest common factor of j and 45.
45
Let n = -272 - -280. What is the greatest common factor of n and 56?
8
Suppose 5*d + 3 = 2*d - 3*z, -d - 2*z = 0. Let g be (7 + 0)*(-2)/d - -4. Calculate the greatest common divisor of g and 88.
11
Let g be (5*8/(-50))/(2/(-210)). What is the greatest common factor of g and 714?
42
Let f be 232 + -2 - (-14 + 9). What is the highest common divisor of f and 47?
47
Let a(t) = 9*t - 6*t + 18 - 4*t. Let s be a(14). Let y be 19 + 4 + (2 - s). What is the highest common factor of 3 and y?
3
Let x(q) = -3 - 87*q + 2*q - 26*q + 7. Let b be x(-1). Calculate the highest common divisor of b and 46.
23
Let l = 4 + -4. Suppose -4*q + q + 6 = l. Suppose -288 = -q*v - 2*v. What is the highest common divisor of v and 9?
9
Suppose -395 = -40*i + 45. What is the greatest common divisor of 11 and i?
11
Let o(k) = 4*k - 4. Let x be o(2). Suppose -i - 2*g = x*i - 35, 14 = 2*i - 3*g. Suppose -15 = 2*f - i*f. What is the highest common divisor of f and 1?
1
Suppose -15*i = -19*i + 144. Let z = 41 - 32. Calculate the greatest common factor of i and z.
9
Suppose -3*o = 5*j - 4374, -5*o - 2*j = -6*j - 7290. Calculate the greatest common factor of 18 and o.
18
Let b = -95 + 117. Let p = b + -18. What is the greatest common factor of 4 and p?
4
Let l be (-3)/(-9) - (-86)/(-6). Let b = 34 + l. What is the greatest common divisor of 220 and b?
20
Suppose 21*g - 14*g = 3136. Calculate the greatest common factor of 28 and g.
28
Suppose 18*c - 9146 = 9214. What is the greatest common divisor of 60 and c?
60
Let p(q) = 10*q**2 + 4*q + 1. Let o be p(-2). Let n(j) = -o + 5*j - 2*j + 7. Let b be n(11). Calculate the greatest common factor of b and 56.
7
Let w = 105 + -101. Suppose -4*z = 5*i - 10*i + 106, w*z = -16. Calculate the highest common factor of 90 and i.
18
Let p(s) = 3*s**2 - s + 7. Suppose 0 = -3*a + 10 - 1. Let j be p(a). Calculate the highest common factor of j and 31.
31
Suppose 8*r - 5*r - 15 = 0. Suppose -67 - 58 = -r*a. Let f = 5 + a. Calculate the highest common divisor of f and 20.
10
Let p be (-16)/40 - (-494)/10. Let l(m) = -1 + 3 - 48*m + p*m. Let a be l(6). Calculate the highest common factor of a and 1.
1
Let w be (-22)/(-8) - 2/(-8). Suppose -70*f + 585 = -31*f. What is the greatest common factor of w and f?
3
Suppose 7*j - 18 = j. Suppose -11 = -j*r + 28. Calculate the highest common factor of r and 26.
13
Suppose 8 = -2*k + k + 5*w, 5*k + 40 = 4*w. Let n be ((-4)/k)/((-2)/(-4)). What is the greatest common factor of n and 1?
1
Let g = -89 + 205. Calculate the highest common factor of g and 87.
29
Suppose 4*g - 16 = 4*h, -3*g + 2 = -h + 3*h. Let m be (2 - 4)/(g/(-39)). Calculate the greatest common divisor of m and 195.
39
Suppose -8*g - 92 = -268. Calculate the highest common factor of g and 143.
11
Let t = 656 - 651. Let z be ((-362)/4)/((-2)/4). Suppose -r - z = -t*r - 3*h, -15 = 3*h. Calculate the greatest common factor of 7 and r.
7
Suppose 135 + 195 = 2*r. Calculate the highest common factor of r and 15.
15
Let t = -6792 + 6844. Suppose 3*s - 133 = 23. What is the highest common factor of t and s?
52
Let b(d) = d**2 + 7*d + 10. Let a be b(-5). Let r be (a - -28)*180/21. Calculate the highest common factor of 24 and r.
24
Suppose -16*r + 352 = 6*r. Calculate the greatest common divisor of 448 and r.
16
Let r(w) = 15*w**2 - 1. Let o be r(-1). Suppose 7*j - 2*j - 195 = 0. Let d = 31 + j. Calculate the highest common factor of o and d.
14
Let s be 61 - -3*3/9. Suppose -11 = 3*r - s. Calculate the highest common divisor of r and 17.
17
Let y(h) be the first derivative of h**2/2 - 3*h + 1. Let b be y(6). Suppose -b*w + 5 = -61. What is the greatest common factor of 88 and w?
22
Let s(x) = -2*x - 6. Let j be s(-10). Let q be 119*2 + (-1)/(-1). Let o = q + -169. Calculate the highest common factor of o and j.
14
Let y be 16/24*-3 + 2*3. Suppose -p - 108 = -4*p. Suppose p = -y*q + 7*q. What is the greatest common divisor of 36 and q?
12
Suppose 3*k - 15 = 0, -2*i - k = 2*i - 125. Let u = -435 - -450. Calculate the greatest common factor of i and u.
15
Let j = -118 - -121. What is the greatest common divisor of j and 39?
3
Let q(s) = -4*s + 9. Let z be q(-18). Suppose 10*k + z = 11*k. What is the greatest common divisor of 9 and k?
9
Let z = -835 + 1183. Calculate the highest common divisor of 203 and z.
29
Let n be (-1)/(-4) + (-110)/(-40). Suppose n*s = 15 - 3. Let j = 97 + -65. What is the greatest common factor of s and j?
4
Let p(n) = -23*n + 29. Let x be p(-5). Calculate the highest common factor of 4 and x.
4
Let c(a) = -a**3 + 3*a**2 + 10*a + 22. Let s be c(9). Let v be (s/102)/(1/(-3)). What is the greatest common factor of 22 and v?
11
Let r be -2 + 2 + (39 + 4 - 4). Calculate the highest common factor of r and 13.
13
Let u = -15 - -15. Suppose u = -z - 0*z + 49. What is the greatest common factor of 7 and z?
7
Suppose -p = p + o - 43, 0 = 4*p + 5*o - 71. Suppose -3 = -w + 1, -4*b + p = -2*w. What is the greatest common factor of 8 and b?
8
Suppose 128*f + 70 = 133*f. Let z be -4 - f*3/(-2). What is the highest common factor of z and 68?
17
Let x = 815 - 742. Calculate the highest common divisor of 1825 and x.
73
Let g = -6 + 6. Let k be (-18)/15*(-315 - g). Calculate the highest common factor of 42 and k.
42
Let k be 2/(-7) - (1810/(-14) + 1). Let o = k + -54. Calculate the highest common factor of o and 185.
37
Suppose 0 = -5*u + 36 - 11. What is the greatest common factor of 255 and u?
5
Suppose 4*c = -0*c + 16, 48 = 2*i + 5*c. Let h = -57 + 99. What is the greatest common divisor of i and h?
14
Suppose y - i = -3*y + 237, 3*y - 199 = 5*i. What is the highest common divisor of y and 58?
58
Suppose -3*u - 2*w = -17, 5*u - 21 = -5*w + 14. Suppose -68 = -5*h - u. Calculate the greatest common factor of h and 65.
13
Let r(y) = y**2 - 5*y + 4. Let c be (4 - 3) + 4 - 1. Let l be r(c). Let u be -3*200/(-15) + l. Calculate the highest common divisor of u and 8.
8
Let f(s) = -s**3 + 7*s**2 - 7*s + 4. Let o be f(4). Let v(m) = -8*m - 9. Let y be v(4). Let a = -25 - y. Calculate the greatest common factor of a and o.
8
Let q(v) = -3*v + 15. Let m be q(6). Let z be (-15)/m - (-3 - -4). Suppose -5*j - z + 19 = 0. What is the highest common divisor of 9 and j?
3
Suppose 0 = 3*l + 12*l - 12*l. Suppose 52*f - 47*f - 40 = l. Calc